mainder when 126 is divided by 92.
34
Calculate the remainder when 932 is divided by 104.
100
What is the remainder when 3569 is divided by 221?
33
Calculate the remainder when 151 is divided by 56.
39
What is the remainder when 680 is divided by 78?
56
Calculate the remainder when 292 is divided by 50.
42
What is the remainder when 16224 is divided by 19?
17
Calculate the remainder when 983 is divided by 43.
37
Calculate the remainder when 11086 is divided by 42.
40
Calculate the remainder when 11 is divided by 6.
5
What is the remainder when 700 is divided by 231?
7
Calculate the remainder when 71 is divided by 38.
33
Calculate the remainder when 169 is divided by 19.
17
What is the remainder when 2732 is divided by 28?
16
Calculate the remainder when 182 is divided by 62.
58
Calculate the remainder when 71 is divided by 69.
2
Calculate the remainder when 463 is divided by 75.
13
Calculate the remainder when 592 is divided by 66.
64
Calculate the remainder when 819 is divided by 460.
359
Calculate the remainder when 5393 is divided by 93.
92
Calculate the remainder when 4762 is divided by 227.
222
What is the remainder when 5157 is divided by 12?
9
What is the remainder when 598 is divided by 24?
22
What is the remainder when 37 is divided by 9?
1
Calculate the remainder when 1312 is divided by 88.
80
What is the remainder when 754 is divided by 28?
26
What is the remainder when 1469 is divided by 722?
25
Calculate the remainder when 78 is divided by 5.
3
Calculate the remainder when 177 is divided by 150.
27
What is the remainder when 2682 is divided by 96?
90
What is the remainder when 1526 is divided by 504?
14
Calculate the remainder when 250 is divided by 63.
61
What is the remainder when 22631 is divided by 92?
91
What is the remainder when 995 is divided by 12?
11
What is the remainder when 44 is divided by 20?
4
What is the remainder when 77 is divided by 26?
25
What is the remainder when 214 is divided by 64?
22
What is the remainder when 129 is divided by 66?
63
What is the remainder when 2165 is divided by 308?
9
Calculate the remainder when 15482 is divided by 98.
96
Calculate the remainder when 390 is divided by 188.
14
Calculate the remainder when 2596 is divided by 53.
52
What is the remainder when 11934 is divided by 254?
250
What is the remainder when 1412 is divided by 175?
12
Calculate the remainder when 2013 is divided by 7.
4
Calculate the remainder when 17 is divided by 12.
5
Calculate the remainder when 1270 is divided by 51.
46
Calculate the remainder when 1979 is divided by 5.
4
What is the remainder when 225 is divided by 73?
6
Calculate the remainder when 6359 is divided by 172.
167
What is the remainder when 2860 is divided by 27?
25
Calculate the remainder when 967 is divided by 22.
21
Calculate the remainder when 26 is divided by 13.
0
What is the remainder when 12 is divided by 8?
4
Calculate the remainder when 180 is divided by 7.
5
Calculate the remainder when 111 is divided by 23.
19
What is the remainder when 73 is divided by 18?
1
Calculate the remainder when 302 is divided by 73.
10
Calculate the remainder when 13439 is divided by 28.
27
Calculate the remainder when 677 is divided by 100.
77
What is the remainder when 391 is divided by 92?
23
What is the remainder when 113 is divided by 9?
5
Calculate the remainder when 598 is divided by 60.
58
What is the remainder when 425 is divided by 14?
5
Calculate the remainder when 60 is divided by 33.
27
What is the remainder when 681 is divided by 76?
73
Calculate the remainder when 948 is divided by 25.
23
What is the remainder when 309 is divided by 109?
91
What is the remainder when 160 is divided by 41?
37
What is the remainder when 309 is divided by 78?
75
What is the remainder when 79 is divided by 74?
5
Calculate the remainder when 103 is divided by 55.
48
What is the remainder when 1819 is divided by 59?
49
Calculate the remainder when 295 is divided by 74.
73
What is the remainder when 2104 is divided by 636?
196
Calculate the remainder when 57 is divided by 34.
23
Calculate the remainder when 1196 is divided by 63.
62
Calculate the remainder when 151 is divided by 51.
49
Calculate the remainder when 85 is divided by 43.
42
Calculate the remainder when 417 is divided by 47.
41
What is the remainder when 58 is divided by 45?
13
Calculate the remainder when 4115 is divided by 29.
26
Calculate the remainder when 3651 is divided by 118.
111
Calculate the remainder when 502 is divided by 171.
160
Calculate the remainder when 70 is divided by 9.
7
Calculate the remainder when 310 is divided by 47.
28
What is the remainder when 82 is divided by 42?
40
Calculate the remainder when 1097 is divided by 20.
17
Calculate the remainder when 763 is divided by 186.
19
What is the remainder when 951 is divided by 136?
135
What is the remainder when 92 is divided by 49?
43
What is the remainder when 620 is divided by 16?
12
What is the remainder when 327 is divided by 124?
79
Calculate the remainder when 25 is divided by 17.
8
What is the remainder when 27 is divided by 15?
12
Calculate the remainder when 477 is divided by 12.
9
What is the remainder when 181 is divided by 11?
5
Calculate the remainder when 370 is divided by 13.
6
Calculate the remainder when 215 is divided by 20.
15
Calculate the remainder when 96 is divided by 20.
16
Calculate the remainder when 91627 is divided by 245.
242
Calculate the remainder when 413 is divided by 52.
49
What is the remainder when 430 is divided by 224?
206
Calculate the remainder when 1794 is divided by 8.
2
Calculate the remainder when 1676 is divided by 16.
12
Calculate the remainder when 116 is divided by 7.
4
Calculate the remainder when 453 is divided by 35.
33
Calculate the remainder when 409 is divided by 72.
49
What is the remainder when 24 is divided by 9?
6
What is the remainder when 81 is divided by 19?
5
What is the remainder when 2376 is divided by 85?
81
What is the remainder when 187 is divided by 19?
16
What is the remainder when 147 is divided by 3?
0
Calculate the remainder when 1087 is divided by 134.
15
What is the remainder when 6026 is divided by 17?
8
Calculate the remainder when 498 is divided by 82.
6
What is the remainder when 4345 is divided by 57?
13
What is the remainder when 141 is divided by 38?
27
What is the remainder when 3327 is divided by 68?
63
Calculate the remainder when 501 is divided by 57.
45
Calculate the remainder when 106 is divided by 8.
2
Calculate the remainder when 1647 is divided by 55.
52
What is the remainder when 88 is divided by 38?
12
Calculate the remainder when 309 is divided by 104.
101
What is the remainder when 138 is divided by 37?
27
What is the remainder when 130 is divided by 57?
16
Calculate the remainder when 77 is divided by 75.
2
Calculate the remainder when 30 is divided by 21.
9
What is the remainder when 612 is divided by 11?
7
Calculate the remainder when 767 is divided by 14.
11
Calculate the remainder when 620 is divided by 306.
8
What is the remainder when 42600 is divided by 13?
12
What is the remainder when 193 is divided by 23?
9
Calculate the remainder when 315 is divided by 103.
6
Calculate the remainder when 83 is divided by 56.
27
What is the remainder when 60 is divided by 4?
0
What is the remainder when 142 is divided by 21?
16
What is the remainder when 389 is divided by 16?
5
Calculate the remainder when 415 is divided by 141.
133
Calculate the remainder when 115 is divided by 4.
3
What is the remainder when 167 is divided by 85?
82
Calculate the remainder when 541 is divided by 138.
127
Calculate the remainder when 99 is divided by 96.
3
Calculate the remainder when 74 is divided by 23.
5
What is the remainder when 209 is divided by 124?
85
Calculate the remainder when 12 is divided by 4.
0
Calculate the remainder when 485 is divided by 18.
17
What is the remainder when 685 is divided by 141?
121
What is the remainder when 63 is divided by 4?
3
Calculate the remainder when 62134 is divided by 85.
84
Calculate the remainder when 150 is divided by 130.
20
Calculate the remainder when 368 is divided by 366.
2
Calculate the remainder when 196 is divided by 25.
21
What is the remainder when 249 is divided by 32?
25
Calculate the remainder when